-x. Let d(m) = -m**2 + 8*m + 35. Calculate d(x).
15
Suppose 4*g - 9*g = -3*g. Let s(b) be the third derivative of -b**5/60 - 7*b**3/2 - 50*b**2. Calculate s(g).
-21
Let a(r) be the third derivative of 48*r**2 + 0 - 1/24*r**4 + 2/3*r**3 + 0*r. Determine a(10).
-6
Suppose -46 + 66 = 2*g. Let p be -4 + (-5)/(-10)*g. Let i(j) = 2*j + 0 - 1 + 0 + 0*j + 5*j**2. Give i(p).
6
Let z be (1 - -12) + (-18)/6. Let q(s) be the second derivative of -s**5/20 + 3*s**4/4 + 3*s**3/2 - 4*s**2 - 541*s + 2. Determine q(z).
-18
Let j(u) be the first derivative of u**4/4 - 28*u**3/3 + 55*u**2/2 - 82*u - 4565. What is j(26)?
-4
Let u = 164 - 61. Let n = u + -110. Let i(d) be the second derivative of d**5/20 + 7*d**4/12 + d**3/6 + d**2 + 2*d. Give i(n).
-5
Suppose 2*h = -2, -8*v - h + 19 = -3*v. Suppose 4 = 2*k - 5*g, -3*g = v*k - 2*g - 8. Let b(s) = 1 - 268*s + 537*s - 272*s. Give b(k).
-5
Let h(a) = a**3 + 4*a**2 - a + 1. Let v(m) = -3*m**3 + 4*m**2 + 17*m - 10. Let o(w) = 2*h(w) + v(w). Give o(13).
18
Let j(r) = r**2 - 4 + 3 + 18 + 151*r - 137*r. Give j(-7).
-32
Suppose -4*n + 9 = 5*u, n - 4 = -0*u - 3*u. Let a(s) = 5*s**2 - 4*s + 2. What is a(u)?
3
Let v be -13 - -7 - (1 + -3). Let s(o) = 9*o + 30. Let f be s(v). Let m(g) be the first derivative of -3*g**2/2 - 6*g - 2. What is m(f)?
12
Let p = -3090 + 3091. Let k(r) = r**2 - 17*r + 3. Let b(c) = 6*c - 1. Let m(u) = 11*b(u) + 4*k(u). Determine m(p).
3
Let w(q) be the first derivative of -q**4/4 + 4*q**3 + 7*q**2 + 6*q + 102. Determine w(13).
19
Let k = -7 + 3. Let s(x) be the second derivative of -x**5/20 - x**4/4 + 5*x**3/6 + 3*x**2/2 + 28302*x. Determine s(k).
-1
Let z(y) = -7*y - 41. Let a(u) = -2*u + 1. Let c(h) = 3*a(h) - z(h). What is c(0)?
44
Let k = -365 + 376. Let g(p) = -p**3 + 12*p**2 - 15*p + 35. Determine g(k).
-9
Let h(i) = i**3 + 42*i**2 + 40*i - 32. Let l = 26081 - 26122. Give h(l).
9
Let i = -360270 - -360273. Let l(u) be the third derivative of u**5/20 - u**4/4 + 7*u**3/6 + u**2. Calculate l(i).
16
Let c(k) be the second derivative of k**4/4 + 17*k**3/6 + 11*k**2 + 100*k + 27. Determine c(-4).
2
Suppose 64470*r - 64450*r + 160 = 0. Let i(v) = -v**3 - 9*v**2 - 4*v + 25. Calculate i(r).
-7
Let d(a) = 340*a + 2377. Let y be d(-7). Suppose 5*o - 3*j + 4 = 2, 3*o - 14 = -2*j. Let r(p) = 2*p**2 - o*p**2 + p**2. Determine r(y).
9
Let u = -776 + 782. Let s = 11 - 9. Let w(i) = -i - i**2 - 8 + 3*i**s - i**3 + i**2 + 3*i**2. Calculate w(u).
-14
Let a(w) be the first derivative of -w**4/2 - 28*w**3/3 - 12*w**2 + 12*w + 542. Calculate a(-13).
-14
Suppose -2*p = -4*o - 6, -p - 4*p + 2*o + 47 = 0. Suppose 15 = -a + p. Let z(u) = -4*u - 2. Calculate z(a).
14
Suppose 2*n + 9 = -3*y, -36*y - 19 = -3*n - 34*y. Let c(b) = -4*b**2 + 6*b + 3. Calculate c(n).
-15
Let j(k) = -5*k**3 - 485*k**2 + 4*k + 386. Let w be j(-97). Let i(c) = 4*c**2 - c + 1. Calculate i(w).
19
Suppose -34 = -5*o + o - 5*u, 3*o - 6*u = 6. Let f(t) = -3*t**2 + 8*t - 7. Let k(y) = -2*y**2 + 6*y - 7. Let a(l) = -3*f(l) + 4*k(l). Determine a(o).
29
Let l(z) = 9*z - 14. Let i(j) = -11*j + 16. Let u(r) = -17*r + 46. Let s be u(3). Let m(b) = s*i(b) - 6*l(b). Calculate m(7).
11
Let x(c) = c. Suppose 14 = k + 7. Let n = -62 - -68. Let p(u) = -u. Let a(r) = k*x(r) + n*p(r). Calculate a(-7).
-7
Let m(i) = -i + 6. Let b = -100 + 98. Let v(d) = -33*d - 4. Let h be v(b). Suppose -9*p = -37 - h. Calculate m(p).
-5
Let u be (260/39)/(1/(-3)). Let w = 26 + u. Let o(a) = -2*a - 12 + 15 + a. Determine o(w).
-3
Let w(i) = i**3 - 5*i**2 - 7*i + 2. Let d = -4 - 26. Let a = d + 32. Suppose 3*y = -2*y + a*h + 40, 4*h + 50 = 5*y. Calculate w(y).
-4
Let c(x) = 4*x**3 + 60*x**2 - x + 30. Let q(d) = d**3 + 16*d**2 - d - 1. Let h(n) = -c(n) + 5*q(n). Calculate h(-20).
45
Let t(s) = 2*s**3 - 12*s**2 + 13*s**2 + 2*s + 7*s**3 + 1. Let b = -60 - -64. Suppose 6*q - b*q + 2 = 0. Determine t(q).
-9
Let j(y) be the third derivative of -y**6/120 + 3*y**5/20 - 2*y**4/3 - y**3/6 - 7*y**2 + 8*y + 12. Determine j(8).
-65
Suppose 5*o - 778*n = -779*n - 62, 0 = -3*o + 2*n - 32. Let y(k) = -k**3 - 11*k**2 + 10*k - 11. Calculate y(o).
13
Let w = -215 - -215. Let i(u) be the third derivative of w + 0*u + u**3 - 1/60*u**5 - 9*u**2 + 0*u**4. Determine i(0).
6
Let f(l) = -l**2 - 11*l - 4. Let u(x) = x**2 - 28*x - 66. Let d be u(34). Suppose 252 = -39*q - d. Give f(q).
6
Let a = -2168 + 2164. Let n(t) = 16*t + 59. Calculate n(a).
-5
Let c(v) = -32096*v + 25 + 16044*v + 16049*v. Suppose -45 = -4*o - o. What is c(o)?
-2
Let c(a) be the third derivative of a**4/2 - 5*a**3/6 - 366*a**2 + a. Determine c(4).
43
Let u be 0 - -2 - (9 + -20). Let w(r) = r - 11. Let q be w(u). Let z(p) = -5*p - 5. Let t(c) = -5*c - 4. Let l(g) = 3*t(g) - 2*z(g). Give l(q).
-12
Suppose 17*k - 31 = 24 - 4. Let w(l) = -l + 5. Let f be w(3). Let t(j) = -j**3 + 2*j + 29 - 6*j**f - 22 - j**3 + k*j**3. Calculate t(5).
-8
Let b(z) = -z - 29. Suppose -184 = 2*l - 132. What is b(l)?
-3
Suppose -388*i - 24 = -392*i. Let z be i/33 - (-3 + (-600)/(-33)). Let p(x) = x + 5. Determine p(z).
-10
Let s(l) be the second derivative of -l**5/20 + 7*l**4/12 - l**3/2 - 10*l**2 - 2581*l. Calculate s(6).
-2
Suppose 2*i - 8 = d, -d + 8*i - 10*i + 12 = 0. Suppose -5*x - d*u = -1, 5*u - 1 - 13 = -x. Let m(a) = -23*a**2. Give m(x).
-23
Let c(z) = -2*z**2 + 3*z + 2. Let r(w) = -3*w**2 + 4*w + 3. Let q = 7 - 4. Let v be (q + 0)/3 + -4. Let t(n) = v*r(n) + 4*c(n). What is t(-2)?
3
Let q(n) = -2*n**2 - 9*n - 3. Let x be (1 + 2)/(1/3). Let p be -7*(-1)/2*(9 + -15 + -10). Let i be (x/4)/(6 - (-357)/p). Calculate q(i).
-21
Suppose -10*u = -15*u + 2*g + 33, -5*u - 2*g = -17. Let h(f) = -78*f + 383. What is h(u)?
-7
Let a(p) = 3*p + 1. Let t(j) = 2*j**3 - 9*j**2 + 6*j - 5. Let m be t(4). Suppose -m*s + 13 = -5*i, 4*i + 3*s = -28 - 4. Give a(i).
-14
Let p(z) = 4 + 2112*z**3 + 0 - 2115*z**3 + 2*z**2 - 6 + z + 3. What is p(-2)?
31
Let q(t) = -2*t**3 - 4*t**2 - t - 11. Let m be q(-3). Let k be (m/30)/(4 + (-146)/36). Let b(l) = -l**2 - 6*l + 8. Calculate b(k).
8
Let f(v) = v**2 - 12*v + 4. Let z(c) be the second derivative of -c**5/20 + c**4/2 + c**3 + 19*c**2/2 - 43*c - 1. Let l be z(7). Give f(l).
4
Let c(v) = -352*v**3 - 2 - 3*v**2 + 2*v**2 + 350*v**3. What is c(-2)?
10
Let q(h) = -40*h + 4. Let d(t) = 135*t - 14. Let c(s) = -3*d(s) - 10*q(s). Let k = -6 - -9. Determine c(k).
-13
Let g(z) be the third derivative of z**5/60 - 3*z**4/4 + 3*z**3/2 + 442*z**2. What is g(17)?
-8
Let x(j) = j - 1. Let h be x(2). Let o(a) = 2*a + a - 2870325 - 4*a + 2870326. Give o(h).
0
Let j(d) = d**2 + 5*d + 2. Let v = -49 + 57. Let h be (-44)/v + (-21)/(-14). Determine j(h).
-2
Let f be ((180/(-8))/(-15))/((-1)/(-8)*4). Let l(w) be the first derivative of -1/4*w**4 + 8 - 4*w**2 - 7*w - 8/3*w**f. What is l(-7)?
0
Let k(b) = -3*b - 8. Suppose 0 = -16*l + 4*a - 116, 2*a - 22 = -13*l + 15*l. What is k(l)?
10
Suppose 0 = -64*b + 202*b - 957 - 423. Let q(j) = -j**2 + 9*j + 13. Calculate q(b).
3
Let m be 4/(-22) + -5 + (-101)/(-11). Let o(v) = -3*v**2 + 14*v - 6. Let z be o(m). Let y(u) = -2*u**3 + 3*u**2 - 4*u + 3. What is y(z)?
-9
Let h(c) be the second derivative of c**5/10 + 7*c**4/4 - 2*c**3 + 2*c**2 + 6*c + 32. What is h(-11)?
15
Let s(p) be the first derivative of -7 - 13*p**2 - 5/24*p**4 + 1/2*p**3 + 0*p. Let b(d) be the second derivative of s(d). What is b(3)?
-12
Let c = -186 + 201. Suppose 3*j = c - 18. Let x(n) = 551*n + 114. Let z(m) = 24*m + 5. Let f(d) = 5*x(d) - 114*z(d). Determine f(j).
-19
Let b(v) = -7*v**3 - 25*v**2 - 15*v + 1. Let p be b(-3). Let m(j) = -8*j**2 + 82*j - 14. Determine m(p).
6
Let m(c) = 3*c + 4. Let j be (174/(-8))/(-6 + 135/24). Suppose -u = -3*p + u - j, u + 75 = -5*p. Let q = 19 + p. Determine m(q).
13
Let y = -8 + 4. Let t(n) = -n**3 + 2*n**2 - 2*n - 2. Let h(k) = 5*k**3 - 17*k**2 + 11*k + 18. Let v(z) = h(z) + 6*t(z). Determine v(y).
-6
Suppose 40*r = 11*r - 58*r - 609. Let v(h) = 16*h + 70. Determine v(r).
-42
Let o(h) = 1 + 1 + 8 - h. Let x be 50050/(-2600)*8/(-22). Calculate o(x).
3
Suppose -2297 - 2837 = 302*x. Let g(n) = 5*n + 78. Calculate g(x).
-7
Let j(y) = -18*y - 229. Let z(f) = 5*f**3 - 735*f**2 + 3*f - 453. Let u be z(147). What is j(u)?
-13
Let a(u) be the first derivative of -u**3/3 + 19*u**2/2 + 48*u - 1039. Calculate a(22).
-